).
-8
Let m(x) = 3*x - 7*x**2 + 2*x**2 + 1 - 2*x. Give m(-1).
-5
Let z(c) = -51*c**2 - 2 + 4*c + 0 + 52*c**2 + 2*c. Suppose -24 + 2 = -b + 5*j, 13 = 4*b + 5*j. Suppose 2*n - n - 2*f = -b, 10 = -3*n - 5*f. Calculate z(n).
-7
Let m(z) = -7*z**3 - 3*z**2 + 13*z + 1. Let d(y) = 11*y**3 + 4*y**2 - 20*y - 2. Let l(h) = -5*d(h) - 8*m(h). Let p be (-45)/(-18)*(-1 + 0 + -1). Give l(p).
-3
Let q(a) = 2*a - 3. Suppose 22 + 13 = 5*o. Calculate q(o).
11
Let t(z) = 20*z**3 + z**2 - z + 1. Let o be t(1). Let r = o + -15. Let h(b) = b**3 - 7*b**2 + 6*b + 3 + 2 - 2. Calculate h(r).
3
Suppose -x - 21 = 2*x. Let q be 4 + x/(14/6). Let l(r) = -8*r**3 - r + 1. What is l(q)?
-8
Let n(w) = -2*w - 3. Let d(p) = -2*p + 2. Let k = 6 + -4. Let l be d(k). Let j be (-1)/1 + l + -2. Give n(j).
7
Let m(s) = -2*s - 2. Let y = 9 - 4. Let x(h) = h**2 - 3 + h - y*h - h. Let q be x(5). What is m(q)?
4
Let n(x) = x**3 - 4*x**2 + 4*x + 1. Suppose -z + 8 = z, z - 16 = -4*t. Let m be n(t). Let a(b) = -3*b**2 - m + b + b**3 + 0*b + 2*b**2. What is a(0)?
-4
Let o(h) be the third derivative of -h**5/60 + h**4/4 - h**3/3 + h**2. Determine o(5).
3
Let f(w) = 15*w + 38 + 11*w - 4*w**2 - 2*w**2 + w**2 - 3*w**3. Let b(s) = s**3 + 2*s**2 - 9*s - 13. Let n(o) = 17*b(o) + 6*f(o). Calculate n(5).
-3
Let f(l) = -l**2 - 7*l - 6. Let m = -18 + 28. Suppose 0 = -4*a - 3*n - 11 - 6, 5*n = a + m. Determine f(a).
4
Let r(w) = -w**2 - w - 5. Let n(o) = o**2 + 5. Let p be 1/((-10)/(-8) - 1). Let u(z) = p*n(z) + 5*r(z). Give u(-5).
-5
Let o(g) = -g + 7. Let j(u) = 2*u - 13. Let k(i) = -6*j(i) - 11*o(i). What is k(7)?
-6
Let f be 1 - (-33)/(-27) - 11/(-9). Let u(m) = 7*m - 1. Give u(f).
6
Let d(x) be the first derivative of 4*x**3/3 - x**2 + x + 5. What is d(1)?
3
Let f = 6 - 6. Let j(v) = -2*v + 0*v + f*v. Determine j(2).
-4
Suppose -r + 2*r = -5*l + 2, 4*r - 4*l = 8. Let c(b) be the first derivative of b + 1/2*b**r - 1. Calculate c(-2).
-1
Let t be 45/12 + (-6)/8. Let m(n) = 4*n + 2. What is m(t)?
14
Let m(o) be the second derivative of 0*o**3 - 1/6*o**4 + 0 + 0*o**2 + 1/120*o**5 + o + 1/720*o**6. Let y(z) be the third derivative of m(z). What is y(-5)?
-4
Let h(f) = f + 1 - 2*f**2 + 6*f**3 - 5*f**3 - 2*f**2. Suppose 0 = l - 0 - 3. Give h(l).
-5
Suppose 3*t - 3 + 4 = -d, 5*d + 3*t = -17. Let y be 2 - 0 - (-2)/2. Let z(v) = 7*v + 6 + 4*v**3 - 3*v**y + 6*v**2 + 0*v**3. Calculate z(d).
10
Let t(h) = -2*h + 4. Let u(y) = y + 9. Let f be u(-5). Let a be (-17)/(-3) + f/(-6). Give t(a).
-6
Let u(b) = b**2 + 14*b - 16. Let f be u(-15). Let v(c) = c + 2. What is v(f)?
1
Let g(d) = d + 1. Let c(q) = -q + 11. Let k(j) = -c(j) + 2*g(j). What is k(7)?
12
Suppose 0 = 3*t + 7 - 16. Let z(s) = 3*s - 2*s - 1 + 2*s. What is z(t)?
8
Let o(t) = t**3 + 5*t**2 - 6*t + 1. Suppose -7 = -5*v - 5*u + 18, -3*v = 2*u - 15. Let s = v + -11. What is o(s)?
1
Let c = 36 + -42. Let i(j) = -3*j - 7. What is i(c)?
11
Let v(d) = -d**3 + d**2 + 1. Let g be v(-2). Suppose -4*b + g = 1. Let z(u) = -5*u - 2*u - 4*u**2 + 2*u + 2 + u**b. What is z(5)?
2
Let p be 2/4*(-4 - -2). Let t(u) = -u**2 + 9*u - 4. Let z be t(8). Let m(j) = -j + j**2 - z*j**3 + j**3 - 3*j**2. Determine m(p).
2
Let b(j) = 2*j - 3. Let v(o) = 3*o**2 - 9*o + 5. Let w be v(3). What is b(w)?
7
Let c(w) = -w**3 - 13*w**2 - 12*w + 2. Let i be c(-12). Let k = -1 - -1. Let j(b) = k + 0 + 3*b. Give j(i).
6
Let a = 24 + -15. Let u(s) = a - s + 4*s - s. Give u(-6).
-3
Let x(i) = -i + 14. Let a be x(5). Let c(t) = -t**2 + 8*t + 3. What is c(a)?
-6
Let l(a) = a**2 + 1. Suppose 0 = -4*i + 1 + 3. Suppose -7 + 1 = -3*z. Let m = z - i. Determine l(m).
2
Suppose -3*c - 8 = 7. Let f(v) be the first derivative of 5/3*v**3 + 1 + 1/4*v**4 + 0*v**2 + 2*v. What is f(c)?
2
Suppose -2*i = 2*i - 4*c + 12, -2*i - c + 9 = 0. Let k(z) be the third derivative of -1/24*z**4 + 0 + 0*z - 2*z**i - z**3. What is k(-6)?
0
Let t(q) = 3*q**3 + 3*q**2 - q - 2. Let m(y) = 2*y + 2. Let k be m(-15). Let o = -30 - k. Calculate t(o).
-12
Let x(c) = c**2 - c + 2. Let r = 17 - 15. What is x(r)?
4
Let d(c) = 9*c + 0 - 1 - c + 0. Let u be 2*(-3)/(-6)*3. Suppose 4*n = u*n - 3*o - 2, 2*o + 1 = -n. Give d(n).
7
Suppose -3*r + 5 = -4. Let k(p) = 2*p - 3. Let b be k(r). Let q(d) = -4*d. Determine q(b).
-12
Suppose -6 = -2*t + 2. Let l(d) = d**2 + 10*d**3 - t*d + 2*d + d**2 + d. Calculate l(1).
11
Let k(z) be the second derivative of -z**5/20 - z**4/6 - z**2 - 32*z. Let w = 4 + -7. What is k(w)?
7
Suppose 2*x + 12 = x. Let j = x - -17. Let c(y) = -y**3 + 4*y**2 + 3*y + 3. Calculate c(j).
-7
Let x = -5 + 7. Let u = x + -1. Let v(l) = -4*l**3 - 3*l**3 + 4*l**3 - 2*l**2 + 9*l**3 + 2*l - u. Determine v(1).
5
Let t(b) be the second derivative of b**6/720 - 5*b**4/12 + 3*b. Let p(r) be the third derivative of t(r). Suppose 4*i - 14 = -2. Determine p(i).
3
Let z(j) be the third derivative of 1/120*j**6 + 1/60*j**5 + 0*j + 0 - 1/24*j**4 - 2*j**2 - j**3. Calculate z(0).
-6
Let w(z) = z**2 - 5*z - 3. Let c be w(5). Let f(r) = -r**2 + 4. Let k be f(c). Let n(b) = 3 + b + 0*b + 0*b. Determine n(k).
-2
Let m(t) = -4*t**2 - 4 + 6 + t**3 + 11*t - 12*t. What is m(2)?
-8
Let m = 7 + -6. Let b(q) = 7 + q + m - 2 - 1. Calculate b(-5).
0
Let z(w) = 2*w + 1. Suppose 4*d + 33 - 7 = 2*j, 2*d - 12 = -4*j. Give z(j).
11
Let q(d) be the first derivative of -2*d**2 + d + 1. Let h = -501 + 500. What is q(h)?
5
Let t(w) = -3*w - 3. Let c = -19 - -16. Calculate t(c).
6
Let j = -11 - -8. Let m(i) be the first derivative of i**2/2 + 3*i - 1. What is m(j)?
0
Let f(q) = 1 + 1 - q**3 - 1 - 3 + 2*q. Let o(i) = -2*i - 6. Let g be o(-4). Determine f(g).
-6
Let l(j) = 3 - 17*j + 4*j + 11*j. Give l(3).
-3
Let l(s) = s**3 + 2*s**2 - 3*s + 4. Suppose 0*j - 2*j - 6 = 0. Let v be l(j). Let p(k) = -2*k + 6*k - k + 3*k - 4*k**2 + v - k**3. Give p(-5).
-1
Let v(g) = 2*g**3 + 1 - 4*g - 11*g**3 + 0 + 5*g. What is v(-1)?
9
Let q(n) = -n**2 - 1. Let h(d) = -7*d**2 + d - 6. Let l(i) = -h(i) + 5*q(i). Give l(2).
7
Let c(y) = y - 13. Let h be c(12). Let k(p) = 4*p**2 - 2*p - 1. What is k(h)?
5
Let i(j) = -3*j**2 - 3*j - 2. Let u(q) = -7*q**2 - 6*q - 4. Let p(k) = -5*i(k) + 2*u(k). Let w = 0 - 2. Calculate p(w).
0
Let q be -8 - (0 + 2/2). Let h = q + 4. Let y(n) = -2*n**2 + n**3 - 2 - 1 + 5*n + 8*n**2. Calculate y(h).
-3
Suppose 0 = -4*y + 14 + 10. Let p(r) = r**2 - 5*r - 6. Calculate p(y).
0
Suppose -2*z + 4*f = -1 - 5, -3*z = 4*f - 19. Let b(p) = -5*p + 2*p**2 + z + 0 - p**2 - 2. What is b(4)?
-1
Let j(f) be the first derivative of -3/2*f**2 - 1/3*f**3 - 1 + 6*f. Determine j(-6).
-12
Let l(i) = 0*i + i - 1 + 4 + 3. Calculate l(0).
6
Let y(d) be the first derivative of -d**4/4 + 4*d**3/3 + 7*d**2/2 + d - 4. Let x = 12 + -7. Suppose 4 - 5 = -f, x*z - 2*f = 23. Determine y(z).
11
Let c(s) be the first derivative of 3*s**2/2 + s + 2. Let f(y) = y + 12. Let h be f(-11). Give c(h).
4
Let x(n) be the first derivative of -n**4/12 - 5*n**3/6 - n**2 + 3*n + 1. Let c(v) be the first derivative of x(v). Calculate c(-4).
2
Let u(p) = 7 + p**2 + 13*p - 9*p - 2*p**2. Calculate u(5).
2
Let f(x) be the third derivative of x**6/120 - x**5/12 + x**4/4 - x**3/2 - x**2. Suppose -2*n - 3*k - 7 = 0, 3*n - 32 = 3*k + k. What is f(n)?
5
Suppose 0 = -h - 0 + 4. Let g = h - 3. Let y(r) = -5*r**3 + r**2 - r. What is y(g)?
-5
Let v(z) be the third derivative of 0*z - 1/3*z**3 + 1/12*z**4 + 0 + 3*z**2 - 1/20*z**5 + 1/120*z**6. Calculate v(2).
-2
Let v = -7 + 12. Suppose 0 = -v*h + 21 - 6. Let s(u) = 3*u**3 - 4*u**3 - 2*u**2 - 4 + h*u**3 - u**3 - 2*u. What is s(3)?
-1
Let c(a) = -3*a - 13. Let r(w) = -2*w - 12. Let d(p) = 3*c(p) - 4*r(p). Calculate d(5).
4
Let l(q) be the third derivative of q**6/120 - q**5/12 - 7*q**4/24 + 7*q**3/6 - 12*q**2. Give l(6).
1
Let n(q) be the third derivative of q**6/120 + q**5/12 - q**4/4 - 5*q**3/6 + 11*q**2. Give n(-6).
-5
Let u(x) = x**2 - 7*x + 7. Let y be u(7). Let a(s) = -7*s + s + s**2 + 6*s + 7 - y*s. What is a(5)?
-3
Let g(a) = a**3 + 3*a**2. Let m(u) = 4*u + 16. Let j be m(-5). Give g(j).
-16
Suppose -4*t = -u + 8, -3*u = 3*t + t + 8. Let p be (-6)/t - 2/(-1). Let r(w) be the second derivative of -w**3/3 + w**2 + w. What is r(p)?
-8
Let x(l) be the third derivative of 0*l + 0 - 1/6*l**3 - 4*l**2 - 1/8*l**4. Suppose 3*k = -3*t - 3, t + 4 = -0*k + 2*k. What is x(k)?
